{"id":19514,"date":"2024-08-13T12:56:03","date_gmt":"2024-08-13T10:56:03","guid":{"rendered":"https:\/\/seiersborg.vgs.no\/fredrikstad\/?page_id=19514"},"modified":"2025-11-21T09:40:02","modified_gmt":"2025-11-21T08:40:02","slug":"karriereveiledning","status":"publish","type":"page","link":"https:\/\/seiersborg.vgs.no\/fredrikstad\/karriereveiledning\/","title":{"rendered":"Karriereveiledning"},"content":{"rendered":"\n<div class=\"cs-top wp-block-group alignfull has-primary-beige-background-color has-background eplus-wrapper is-layout-constrained wp-block-group-is-layout-constrained\"><div class=\"wp-block-group__inner-container\">\n<div class=\"container-rounded-corners wp-block-group eplus-wrapper is-layout-constrained wp-block-group-is-layout-constrained\"><div class=\"wp-block-group__inner-container\"><div class=\" wp-block-columns alignfull are-vertically-aligned-center eplus-wrapper is-layout-flex wp-container-5 wp-block-columns-is-layout-flex eplus-styles-uid-0f40b7\">\n<div class=\" wp-block-column eplus-wrapper is-layout-flow wp-block-column-is-layout-flow\" style=\"flex-basis:10px\"><\/div>\n\n\n\n<div class=\" wp-block-column is-vertically-aligned-center eplus-wrapper is-layout-flow wp-block-column-is-layout-flow\">\n<h1 class=\" wp-block-heading has-primary-blue-color has-text-color eplus-wrapper\">Karriereveiledning<\/h1>\n\n\n<figure class=\"button-round wp-block-image size-large eplus-wrapper eplus-styles-uid-4a8f68\"><a href=\"#info\"><img decoding=\"async\" loading=\"lazy\" width=\"34\" height=\"34\" src=\"https:\/\/seiersborg.vgs.no\/fredrikstad\/wp-content\/uploads\/sites\/1\/2023\/08\/arrow-circle-down.svg\" alt=\"\" class=\"wp-image-688\"><\/a><\/figure>\n\n<h2 class=\" wp-block-heading eplus-wrapper eplus-styles-uid-0aa415\">S\u00f8ke skole eller studier?<\/h2><\/div>\n\n\n\n<div class=\" wp-block-column eplus-wrapper is-layout-flow wp-block-column-is-layout-flow\" style=\"flex-basis:5px\"><\/div>\n\n\n\n<div class=\" wp-block-column is-vertically-aligned-center eplus-wrapper is-layout-flow wp-block-column-is-layout-flow\">\n<figure class=\"is-style-rounded wp-block-image size-large is-resized eplus-wrapper\"><img decoding=\"async\" loading=\"lazy\" width=\"1024\" height=\"683\" src=\"https:\/\/seiersborg.vgs.no\/fredrikstad\/wp-content\/uploads\/sites\/1\/2023\/10\/Livsglede_oktober_web-7-1024x683.jpg\" alt=\"\" class=\"wp-image-19316\" style=\"width:388px;height:auto\" srcset=\"https:\/\/seiersborg.vgs.no\/fredrikstad\/wp-content\/uploads\/sites\/1\/2023\/10\/Livsglede_oktober_web-7-1024x683.jpg 1024w, https:\/\/seiersborg.vgs.no\/fredrikstad\/wp-content\/uploads\/sites\/1\/2023\/10\/Livsglede_oktober_web-7-300x200.jpg 300w, https:\/\/seiersborg.vgs.no\/fredrikstad\/wp-content\/uploads\/sites\/1\/2023\/10\/Livsglede_oktober_web-7-768x512.jpg 768w, https:\/\/seiersborg.vgs.no\/fredrikstad\/wp-content\/uploads\/sites\/1\/2023\/10\/Livsglede_oktober_web-7.jpg 1200w\" sizes=\"(max-width: 1024px) 100vw, 1024px\" \/><\/figure>\n<\/div>\n<\/div>\n\n\n<div style=\"height:34px\" aria-hidden=\"true\" class=\" wp-block-spacer eplus-wrapper\"><\/div>\n\n\n<div class=\" wp-block-columns has-primary-beige-background-color has-background eplus-wrapper is-layout-flex wp-container-10 wp-block-columns-is-layout-flex eplus-styles-uid-f34479\">\n<div class=\" wp-block-column eplus-wrapper is-layout-flow wp-block-column-is-layout-flow\"><div class=\" wp-block-columns eplus-wrapper is-layout-flex wp-container-8 wp-block-columns-is-layout-flex eplus-styles-uid-158b6e\">\n<div class=\" wp-block-column eplus-wrapper is-layout-flow wp-block-column-is-layout-flow\">\n<div class=\" wp-block-group has-primary-beige-background-color has-background eplus-wrapper is-layout-constrained wp-block-group-is-layout-constrained\"><div class=\"wp-block-group__inner-container\">\n<p class=\" eplus-wrapper\">Skal du s\u00f8ke videreg\u00e5ende skole, m\u00e5 du gj\u00f8re dette p\u00e5 <a href=\"https:\/\/www.vigo.no\/nyvigo\/vigo\" target=\"_blank\" rel=\"noreferrer noopener\">vigo.no<\/a>. Ordin\u00e6r frist er 1. mars, og for elever med fortrinnsrett er fristen 1. februar.<\/p>\n\n\n\n<p class=\" eplus-wrapper\">Vil du s\u00f8ke Seiersborg videreg\u00e5ende skole, Fredrikstad, kan du gj\u00f8re det <a href=\"https:\/\/seiersborg.vgs.no\/fredrikstad\/sok-her\/\" target=\"_blank\" rel=\"noreferrer noopener\"><strong>her<\/strong><\/a>. Fristen er 15. mars.<\/p>\n\n\n\n<p class=\" eplus-wrapper\">Skal du s\u00f8ke h\u00f8yere utdanning i Norge, m\u00e5 du benytte <a href=\"https:\/\/www.samordnaopptak.no\/info\/\" target=\"_blank\" rel=\"noreferrer noopener\">Samordna opptak<\/a>. For de fleste studier er fristen 15. april, men noen studier har tidligere frist. Sjekk i god tid hvilke frister og krav som gjelder for ditt studie\u00f8nske.<\/p>\n\n\n\n<p class=\" eplus-wrapper\">Dersom du vurderer et \u00e5r p\u00e5 folkeh\u00f8gskole, kan du lese mer om tilbudene <a href=\"https:\/\/www.folkehogskole.no\/\" target=\"_blank\" rel=\"noreferrer noopener\"><strong>her<\/strong><\/a>.<\/p>\n<\/div><\/div>\n<\/div>\n<\/div><\/div>\n<\/div><\/div><\/div>\n\n\n\n<div style=\"height:54px\" aria-hidden=\"true\" class=\" wp-block-spacer eplus-wrapper\"><\/div>\n\n\n\n<div class=\"container-rounded-corners wp-block-group has-primary-beige-background-color has-background eplus-wrapper is-layout-constrained wp-block-group-is-layout-constrained\"><div class=\"wp-block-group__inner-container\">\n<div style=\"height:34px\" aria-hidden=\"true\" class=\" wp-block-spacer eplus-wrapper\"><\/div>\n<\/div><\/div>\n<\/div><\/div>\n\n\n\n<div id=\"info\" class=\"cs-medium wp-block-group eplus-wrapper is-layout-constrained wp-block-group-is-layout-constrained\"><div class=\"wp-block-group__inner-container\"><div class=\" wp-block-columns eplus-wrapper is-layout-flex wp-container-20 wp-block-columns-is-layout-flex eplus-styles-uid-74037e\">\n<div class=\" wp-block-column eplus-wrapper is-layout-flow wp-block-column-is-layout-flow\"><div class=\" wp-block-columns eplus-wrapper is-layout-flex wp-container-17 wp-block-columns-is-layout-flex eplus-styles-uid-f8c96e\">\n<div class=\" wp-block-column eplus-wrapper is-layout-flow wp-block-column-is-layout-flow\">\n<div class=\" wp-block-group eplus-wrapper is-layout-constrained wp-block-group-is-layout-constrained\"><div class=\"wp-block-group__inner-container\"><div class=\" wp-block-buttons alignwide eplus-wrapper is-layout-flex wp-block-buttons-is-layout-flex eplus-styles-uid-c2ea64\"><div class=\" wp-block-button has-custom-font-size has-medium-font-size eplus-wrapper eplus-styles-uid-3692d3\"><a class=\"wp-block-button__link has-white-color has-dark-blue-background-color has-text-color has-background has-link-color wp-element-button\" href=\"https:\/\/www.vigo.no\/nyvigo\/vigo\" target=\"_blank\" rel=\"noreferrer noopener\"><strong>S\u00f8k l\u00e6replass<\/strong><\/a><\/div><\/div>\n\n\n<div style=\"height:34px\" aria-hidden=\"true\" class=\" wp-block-spacer eplus-wrapper\"><\/div>\n\n\n\n<p class=\" eplus-wrapper\">Skal du s\u00f8ke l\u00e6replass, m\u00e5 du ogs\u00e5 s\u00f8ke <a href=\"https:\/\/www.vigo.no\/nyvigo\/vigo\">vigo.no<\/a>. Fristen er 1. mars for l\u00e6rlinger og 1. februar for l\u00e6rekandidater.<\/p>\n\n\n\n<p class=\" eplus-wrapper\">For \u00e5 finne aktuelle l\u00e6rebedrifter, m\u00e5 du lete etter utlyste stillinger p\u00e5 for eksempel <a href=\"https:\/\/arbeidsplassen.nav.no\/\">nav.no<\/a> eller <a href=\"https:\/\/www.finn.no\/job\/browse.html\">finn.no<\/a>. Du b\u00f8r ogs\u00e5 kontakte oppl\u00e6ringskontorer og bedrifter direkte.<\/p>\n\n\n\n<p class=\" eplus-wrapper\">P\u00e5 <a href=\"https:\/\/utdanning.no\/finnlarebedrift\/\">utdanning.no<\/a> kan du s\u00f8ke opp l\u00e6rebedrifter i ditt omr\u00e5de. For \u00e5 bli l\u00e6rling eller l\u00e6rekandidat i kommunen, sjekk den enkelte kommunes nettsider for utlyste l\u00e6rlingstillinger. Du kan ogs\u00e5 finne en grundig fylkesoversikt over oppl\u00e6ringskontorer og medlemsbedrifter p\u00e5 <a href=\"https:\/\/www.vilbli.no\/nb\/ostfold\/a\/oversikt-laerebedrifter-og-samarbeidsorgan-opplaeringskontor-6?#fylkeskommentar_040002\"><strong>vilbli.no<\/strong><\/a>. <\/p>\n\n\n\n<p class=\" eplus-wrapper\">Les mer om det \u00e5 v\u00e6re l\u00e6rling i \u00d8stfold p\u00e5 <a href=\"https:\/\/ofk.no\/tjenester\/skole-og-opplaring\/opplaring-i-bedrift\/larling-og-larekandidat\/larling-i-ostfold\/\">fylkeskommunens nettsider<\/a>.<\/p>\n<\/div><\/div>\n<\/div>\n<\/div><\/div>\n\n\n\n<div class=\" wp-block-column eplus-wrapper is-layout-flow wp-block-column-is-layout-flow\">\n<div style=\"height:34px\" aria-hidden=\"true\" class=\" wp-block-spacer eplus-wrapper\"><\/div>\n\n\n\n<p class=\" eplus-wrapper\"><strong>Her er en liste over noen aktuelle oppl\u00e6ringskontorer i \u00d8stfold:<\/strong><\/p>\n\n\n<ul class=\" has-dark-blue-color has-green-background-color has-text-color has-background has-link-color eplus-wrapper wp-elements-a6ebdde69f688fe759f1aaae7a01c51e eplus-styles-uid-914d0e\">\n<li class=\" eplus-wrapper\"><a href=\"https:\/\/okviken.no\/\">OKViken &#8211; oppl\u00e6ringskontor for offentlig og privat sektor<\/a><\/li>\n\n\n\n<li class=\" eplus-wrapper\"><a href=\"https:\/\/okindustri.no\/\">OKIndustri<\/a> &#8211; Industrifag<\/li>\n\n\n\n<li class=\" eplus-wrapper\"><a href=\"https:\/\/www.okbh.no\/\">Oppl\u00e6ringskontoret for bygg og h\u00e5ndverksfag i \u00d8stfold<\/a><\/li>\n\n\n\n<li class=\" eplus-wrapper\"><a href=\"https:\/\/blitomrer.no\/\">Oppl\u00e6ringskontoret for t\u00f8mrerfaget i \u00d8stfold<\/a><\/li>\n\n\n\n<li class=\" eplus-wrapper\"><a href=\"https:\/\/www.byggopp.no\/\">Byggopp<\/a> &#8211; Bygg og anlegg<\/li>\n\n\n\n<li class=\" eplus-wrapper\"><a href=\"https:\/\/www.servicefag.no\/\">L\u00e6rlingekompaniet \u00d8ST<\/a> &#8211; Salg, service og reiseliv<\/li>\n\n\n\n<li class=\" eplus-wrapper\"><a href=\"https:\/\/www.k-o-m.no\/\">Oppl\u00e6ringskontoret for salgs- og matbransjen<\/a> (KOM)<\/li>\n\n\n\n<li class=\" eplus-wrapper\"><a href=\"https:\/\/soso.no\/\">Oppl\u00e6ringskontoret for salg, service og reiseliv<\/a> (SOSO)<\/li>\n\n\n\n<li class=\" eplus-wrapper\"><a href=\"https:\/\/www.facebook.com\/bestfris.no\/?locale=nb_NO\">OK-FBIE Viken<\/a> &#8211; Oppl\u00e6ringskontoret for fris\u00f8r, blomster, interi\u00f8r og eksponeringsdesign<\/li>\n\n\n\n<li class=\" eplus-wrapper\"><a href=\"https:\/\/okvekst.no\/\">OKVekst<\/a> &#8211; Oppl\u00e6ringskontoret for vekstbedrifter (tilrettelagt fagoppl\u00e6ring i bedrift)<\/li>\n\n\n\n<li class=\" eplus-wrapper\"><a href=\"https:\/\/www.fredrikstad.kommune.no\/tjenester\/skole-og-utdanning\/laerling\/#section-2\">Fredrikstad kommune<\/a> &#8211; Flere l\u00e6refag, blant annet Helsefagarbeiderfaget og Barne- og ungdomsarbeiderfaget<\/li>\n<\/ul><\/div>\n<\/div><\/div><\/div>\n\n\n\n<div class=\" wp-block-group eplus-wrapper is-layout-constrained wp-block-group-is-layout-constrained\"><div class=\"wp-block-group__inner-container\"><div class=\" wp-block-columns eplus-wrapper is-layout-flex wp-container-24 wp-block-columns-is-layout-flex eplus-styles-uid-141391\">\n<div class=\" wp-block-column eplus-wrapper is-layout-flow wp-block-column-is-layout-flow\">\n<div class=\" wp-block-group eplus-wrapper is-layout-constrained wp-block-group-is-layout-constrained\"><div class=\"wp-block-group__inner-container\">\n<h2 class=\" wp-block-heading has-dark-blue-color has-text-color has-link-color eplus-wrapper wp-elements-8f5df300eadfb583701f5c1c2fb60c14\">Hva skal du bli?<\/h2>\n\n\n\n<div style=\"height:34px\" aria-hidden=\"true\" class=\" wp-block-spacer eplus-wrapper\"><\/div>\n\n\n\n<div class=\" wp-block-media-text has-media-on-the-right is-stacked-on-mobile eplus-wrapper\" style=\"grid-template-columns:auto 32%\"><div class=\"wp-block-media-text__content\">\n<p class=\" eplus-wrapper\">Hvis du er usikker p\u00e5 hvilken linje du skal velge, eller trenger mer informasjon om hvilke muligheter som finnes, er det lurt \u00e5 sette av litt tid til \u00e5 lese om de ulike alternativene. P\u00e5 <a href=\"https:\/\/www.vilbli.no\/nb\/no\">vilbli.no<\/a> st\u00e5r det masse om utdanningsprogrammene. Mye informasjon finner du ogs\u00e5 p\u00e5 <a href=\"https:\/\/utdanning.no\/\">utdanning.no<\/a>. <\/p>\n\n\n\n<p class=\" eplus-wrapper\">Fremdeles usikker? Her er <a href=\"https:\/\/www.tautdanning.no\/5-gode-grunner-til-a-velge-yrkesfag\/\">fem gode grunner til \u00e5 velge yrkesfag<\/a>. Det kan ogs\u00e5 v\u00e6re en id\u00e9 \u00e5 lese litt i <a href=\"https:\/\/utdanning.no\/yrkesfag\">Yrkesfagh\u00e5ndboka<\/a> hvis du har sp\u00f8rsm\u00e5l om yrkesfaglig utdanningsl\u00f8p. <\/p>\n\n\n\n<p class=\" eplus-wrapper\"><a href=\"https:\/\/interesseoppgaver.vilbli.no\/nb\/interessetest_yrkesfag.html\">Hva kan du passe til<\/a>? Ta vilbli.no sin interessetest for \u00e5 f\u00e5 en pekepinn om hvilke yrkesfaglige utdanningsprogrammer som kan passe deg. Eller pr\u00f8v <a href=\"https:\/\/utdanning.no\/interessesiden\/jobbegenskaper\/\">utdanning.no sin jobbegenskaptest<\/a> &#8211; fortell hva du er interessert i eller hva du kan \u2013 og du vil f\u00e5 en oversikt over yrker som kan passe for deg.<\/p>\n\n\n\n<p class=\" eplus-wrapper\">Nysgjerrig p\u00e5 realfag? Ta <a href=\"https:\/\/utdanningstesten.no\/\">utdanningstesten fra Realfagsrekrutteringen<\/a>. Testen forteller noe om ulike sider ved personligheten din, hvordan du l\u00e6rer best og hvilke arbeidsomr\u00e5der innenfor realfag som kan passe for deg.<\/p>\n\n\n\n<p class=\" eplus-wrapper\">Skal du inn p\u00e5 h\u00f8yere utdanning, kan du pr\u00f8ve <a href=\"https:\/\/utdanning.no\/karakterkalkulator\/studievelger\">studievelgeren<\/a> for \u00e5 se hvilke utdanninger du kan komme inn p\u00e5 i ulike studiekategorier, med dine fag og poeng.<\/p>\n\n\n\n<p class=\" eplus-wrapper\"><a href=\"https:\/\/karriereveiledning.no\/\">Karriereveiledning.no<\/a> er en stor nettside med informasjon, tips og verkt\u00f8y, enten du skal s\u00f8ke videreg\u00e5ende skole, h\u00f8yere utdanning eller arbeid. Anbefales!<\/p>\n<\/div><figure class=\"wp-block-media-text__media\"><img decoding=\"async\" loading=\"lazy\" width=\"1024\" height=\"768\" src=\"https:\/\/seiersborg.vgs.no\/fredrikstad\/wp-content\/uploads\/sites\/1\/2023\/10\/382207910_1610061546417439_502766589992822993_n-1024x768.jpg\" alt=\"\" class=\"wp-image-19306 size-full\" srcset=\"https:\/\/seiersborg.vgs.no\/fredrikstad\/wp-content\/uploads\/sites\/1\/2023\/10\/382207910_1610061546417439_502766589992822993_n-1024x768.jpg 1024w, https:\/\/seiersborg.vgs.no\/fredrikstad\/wp-content\/uploads\/sites\/1\/2023\/10\/382207910_1610061546417439_502766589992822993_n-300x225.jpg 300w, https:\/\/seiersborg.vgs.no\/fredrikstad\/wp-content\/uploads\/sites\/1\/2023\/10\/382207910_1610061546417439_502766589992822993_n-768x576.jpg 768w, https:\/\/seiersborg.vgs.no\/fredrikstad\/wp-content\/uploads\/sites\/1\/2023\/10\/382207910_1610061546417439_502766589992822993_n.jpg 1200w\" sizes=\"(max-width: 1024px) 100vw, 1024px\" \/><\/figure><\/div>\n<\/div><\/div>\n<\/div>\n<\/div>\n\n\n<hr class=\" wp-block-separator has-text-color has-white-color has-alpha-channel-opacity has-white-background-color has-background eplus-wrapper\" \/>\n\n\n<div class=\" wp-block-columns eplus-wrapper is-layout-flex wp-container-27 wp-block-columns-is-layout-flex eplus-styles-uid-ad37bc\">\n<div class=\" wp-block-column eplus-wrapper is-layout-flow wp-block-column-is-layout-flow\">\n<div class=\" wp-block-group eplus-wrapper is-layout-constrained wp-block-group-is-layout-constrained\"><div class=\"wp-block-group__inner-container\">\n<h2 class=\" wp-block-heading has-dark-blue-color has-text-color has-link-color eplus-wrapper wp-elements-7d54790591d4ed979fbae2125e8d40aa\">Tilrettelegging i utdanningen<\/h2>\n\n\n\n<div style=\"height:34px\" aria-hidden=\"true\" class=\" wp-block-spacer eplus-wrapper\"><\/div>\n\n\n\n<div class=\" wp-block-media-text has-media-on-the-right is-stacked-on-mobile eplus-wrapper\" style=\"grid-template-columns:auto 32%\"><div class=\"wp-block-media-text__content\">\n<p class=\" eplus-wrapper\">Dersom du har dysleksi, dyskalkuli eller spesifikke spr\u00e5kvansker kan det v\u00e6re n\u00f8dvendig med tilrettelegginger for \u00e5 kompensere for utfordringene dine. Les gjerne <a href=\"https:\/\/dysleksinorge.no\/rettigheter-skole\/\">mer om dine rettigheter<\/a> p\u00e5 Dysleksi Norge sine nettsider. <\/p>\n\n\n\n<p class=\" eplus-wrapper\">For personer med funksjonsnedsettelser eller kroniske sykdommer, er utdanning enda viktigere for \u00e5 komme i jobb enn for andre grupper. Med riktig tilrettelegging kan flere fullf\u00f8re skole og utdanning. F\u00e5 <a href=\"https:\/\/ungefunksjonshemmede.no\/film-lenker\/skole-og-utdanning\">tips til relevant tilrettelegging<\/a> p\u00e5 nettsidene til Unge funksjonshemmede.<\/p>\n\n\n\n<p class=\" eplus-wrapper\">F\u00e5 en oversikt over mulig <a href=\"https:\/\/utdanning.no\/tema\/hjelp_og_veiledning_nyttig_informasjon\/hvilke_rettigheter_og_muligheter_har_jeg_pa_studiestedet\">tilrettelegging i h\u00f8yere utdanning<\/a> p\u00e5 utdanning.no.<\/p>\n<\/div><figure class=\"wp-block-media-text__media\"><img decoding=\"async\" loading=\"lazy\" width=\"1024\" height=\"683\" src=\"https:\/\/seiersborg.vgs.no\/fredrikstad\/wp-content\/uploads\/sites\/1\/2024\/03\/compare-fibre-Y8TiLvKnLeg-unsplash-1024x683.jpg\" alt=\"\" class=\"wp-image-19574 size-full\" srcset=\"https:\/\/seiersborg.vgs.no\/fredrikstad\/wp-content\/uploads\/sites\/1\/2024\/03\/compare-fibre-Y8TiLvKnLeg-unsplash-1024x683.jpg 1024w, https:\/\/seiersborg.vgs.no\/fredrikstad\/wp-content\/uploads\/sites\/1\/2024\/03\/compare-fibre-Y8TiLvKnLeg-unsplash-300x200.jpg 300w, https:\/\/seiersborg.vgs.no\/fredrikstad\/wp-content\/uploads\/sites\/1\/2024\/03\/compare-fibre-Y8TiLvKnLeg-unsplash-768x512.jpg 768w, https:\/\/seiersborg.vgs.no\/fredrikstad\/wp-content\/uploads\/sites\/1\/2024\/03\/compare-fibre-Y8TiLvKnLeg-unsplash-1536x1024.jpg 1536w, https:\/\/seiersborg.vgs.no\/fredrikstad\/wp-content\/uploads\/sites\/1\/2024\/03\/compare-fibre-Y8TiLvKnLeg-unsplash-2048x1365.jpg 2048w\" sizes=\"(max-width: 1024px) 100vw, 1024px\" \/><\/figure><\/div>\n<\/div><\/div>\n<\/div>\n<\/div><\/div><\/div>\n\n\n\n<div style=\"height:76px\" aria-hidden=\"true\" class=\" wp-block-spacer eplus-wrapper\"><\/div>\n","protected":false},"excerpt":{"rendered":"<p>Karriereveiledning S\u00f8ke skole eller studier? Skal du s\u00f8ke videreg\u00e5ende skole, m\u00e5 du gj\u00f8re dette p\u00e5 vigo.no. Ordin\u00e6r frist er 1. mars, og for elever med fortrinnsrett er fristen 1. februar. Vil du s\u00f8ke Seiersborg videreg\u00e5ende skole, Fredrikstad, kan du gj\u00f8re det her. Fristen er 15. mars. Skal du s\u00f8ke h\u00f8yere utdanning i Norge, m\u00e5 du [&hellip;]<\/p>\n","protected":false},"author":6,"featured_media":0,"parent":0,"menu_order":0,"comment_status":"closed","ping_status":"closed","template":"","meta":{"inline_featured_image":false,"editor_plus_copied_stylings":"{}","footnotes":""},"featured_image_src":null,"yoast_head":"<!-- This site is optimized with the Yoast SEO plugin v21.0 - https:\/\/yoast.com\/wordpress\/plugins\/seo\/ -->\n<title>Karriereveiledning - Fredrikstad<\/title>\n<meta name=\"robots\" content=\"index, follow, max-snippet:-1, max-image-preview:large, max-video-preview:-1\" \/>\n<link rel=\"canonical\" href=\"https:\/\/seiersborg.vgs.no\/fredrikstad\/karriereveiledning\/\" \/>\n<meta property=\"og:locale\" content=\"nb_NO\" \/>\n<meta property=\"og:type\" content=\"article\" \/>\n<meta property=\"og:title\" content=\"Karriereveiledning - Fredrikstad\" \/>\n<meta property=\"og:description\" content=\"Karriereveiledning S\u00f8ke skole eller studier? Skal du s\u00f8ke videreg\u00e5ende skole, m\u00e5 du gj\u00f8re dette p\u00e5 vigo.no. Ordin\u00e6r frist er 1. mars, og for elever med fortrinnsrett er fristen 1. februar. Vil du s\u00f8ke Seiersborg videreg\u00e5ende skole, Fredrikstad, kan du gj\u00f8re det her. Fristen er 15. mars. Skal du s\u00f8ke h\u00f8yere utdanning i Norge, m\u00e5 du [&hellip;]\" \/>\n<meta property=\"og:url\" content=\"https:\/\/seiersborg.vgs.no\/fredrikstad\/karriereveiledning\/\" \/>\n<meta property=\"og:site_name\" content=\"Fredrikstad\" \/>\n<meta property=\"article:modified_time\" content=\"2025-11-21T08:40:02+00:00\" \/>\n<meta property=\"og:image\" content=\"https:\/\/seiersborg.vgs.no\/fredrikstad\/wp-content\/uploads\/sites\/1\/2023\/08\/arrow-circle-down.svg\" \/>\n<meta name=\"twitter:card\" content=\"summary_large_image\" \/>\n<meta name=\"twitter:label1\" content=\"Ansl. lesetid\" \/>\n\t<meta name=\"twitter:data1\" content=\"4 minutter\" \/>\n<script type=\"application\/ld+json\" class=\"yoast-schema-graph\">{\"@context\":\"https:\/\/schema.org\",\"@graph\":[{\"@type\":\"WebPage\",\"@id\":\"https:\/\/seiersborg.vgs.no\/fredrikstad\/karriereveiledning\/\",\"url\":\"https:\/\/seiersborg.vgs.no\/fredrikstad\/karriereveiledning\/\",\"name\":\"Karriereveiledning - Fredrikstad\",\"isPartOf\":{\"@id\":\"https:\/\/seiersborg.vgs.no\/fredrikstad\/#website\"},\"datePublished\":\"2024-08-13T10:56:03+00:00\",\"dateModified\":\"2025-11-21T08:40:02+00:00\",\"breadcrumb\":{\"@id\":\"https:\/\/seiersborg.vgs.no\/fredrikstad\/karriereveiledning\/#breadcrumb\"},\"inLanguage\":\"nb-NO\",\"potentialAction\":[{\"@type\":\"ReadAction\",\"target\":[\"https:\/\/seiersborg.vgs.no\/fredrikstad\/karriereveiledning\/\"]}]},{\"@type\":\"BreadcrumbList\",\"@id\":\"https:\/\/seiersborg.vgs.no\/fredrikstad\/karriereveiledning\/#breadcrumb\",\"itemListElement\":[{\"@type\":\"ListItem\",\"position\":1,\"name\":\"Hjem\",\"item\":\"https:\/\/seiersborg.vgs.no\/fredrikstad\/\"},{\"@type\":\"ListItem\",\"position\":2,\"name\":\"Karriereveiledning\"}]},{\"@type\":\"WebSite\",\"@id\":\"https:\/\/seiersborg.vgs.no\/fredrikstad\/#website\",\"url\":\"https:\/\/seiersborg.vgs.no\/fredrikstad\/\",\"name\":\"Fredrikstad\",\"description\":\"\",\"potentialAction\":[{\"@type\":\"SearchAction\",\"target\":{\"@type\":\"EntryPoint\",\"urlTemplate\":\"https:\/\/seiersborg.vgs.no\/fredrikstad\/?s={search_term_string}\"},\"query-input\":\"required name=search_term_string\"}],\"inLanguage\":\"nb-NO\"}]}<\/script>\n<!-- \/ Yoast SEO plugin. -->","yoast_head_json":{"title":"Karriereveiledning - Fredrikstad","robots":{"index":"index","follow":"follow","max-snippet":"max-snippet:-1","max-image-preview":"max-image-preview:large","max-video-preview":"max-video-preview:-1"},"canonical":"https:\/\/seiersborg.vgs.no\/fredrikstad\/karriereveiledning\/","og_locale":"nb_NO","og_type":"article","og_title":"Karriereveiledning - Fredrikstad","og_description":"Karriereveiledning S\u00f8ke skole eller studier? Skal du s\u00f8ke videreg\u00e5ende skole, m\u00e5 du gj\u00f8re dette p\u00e5 vigo.no. Ordin\u00e6r frist er 1. mars, og for elever med fortrinnsrett er fristen 1. februar. Vil du s\u00f8ke Seiersborg videreg\u00e5ende skole, Fredrikstad, kan du gj\u00f8re det her. Fristen er 15. mars. Skal du s\u00f8ke h\u00f8yere utdanning i Norge, m\u00e5 du [&hellip;]","og_url":"https:\/\/seiersborg.vgs.no\/fredrikstad\/karriereveiledning\/","og_site_name":"Fredrikstad","article_modified_time":"2025-11-21T08:40:02+00:00","og_image":[{"url":"https:\/\/seiersborg.vgs.no\/fredrikstad\/wp-content\/uploads\/sites\/1\/2023\/08\/arrow-circle-down.svg"}],"twitter_card":"summary_large_image","twitter_misc":{"Ansl. lesetid":"4 minutter"},"schema":{"@context":"https:\/\/schema.org","@graph":[{"@type":"WebPage","@id":"https:\/\/seiersborg.vgs.no\/fredrikstad\/karriereveiledning\/","url":"https:\/\/seiersborg.vgs.no\/fredrikstad\/karriereveiledning\/","name":"Karriereveiledning - Fredrikstad","isPartOf":{"@id":"https:\/\/seiersborg.vgs.no\/fredrikstad\/#website"},"datePublished":"2024-08-13T10:56:03+00:00","dateModified":"2025-11-21T08:40:02+00:00","breadcrumb":{"@id":"https:\/\/seiersborg.vgs.no\/fredrikstad\/karriereveiledning\/#breadcrumb"},"inLanguage":"nb-NO","potentialAction":[{"@type":"ReadAction","target":["https:\/\/seiersborg.vgs.no\/fredrikstad\/karriereveiledning\/"]}]},{"@type":"BreadcrumbList","@id":"https:\/\/seiersborg.vgs.no\/fredrikstad\/karriereveiledning\/#breadcrumb","itemListElement":[{"@type":"ListItem","position":1,"name":"Hjem","item":"https:\/\/seiersborg.vgs.no\/fredrikstad\/"},{"@type":"ListItem","position":2,"name":"Karriereveiledning"}]},{"@type":"WebSite","@id":"https:\/\/seiersborg.vgs.no\/fredrikstad\/#website","url":"https:\/\/seiersborg.vgs.no\/fredrikstad\/","name":"Fredrikstad","description":"","potentialAction":[{"@type":"SearchAction","target":{"@type":"EntryPoint","urlTemplate":"https:\/\/seiersborg.vgs.no\/fredrikstad\/?s={search_term_string}"},"query-input":"required name=search_term_string"}],"inLanguage":"nb-NO"}]}},"_links":{"self":[{"href":"https:\/\/seiersborg.vgs.no\/fredrikstad\/wp-json\/wp\/v2\/pages\/19514"}],"collection":[{"href":"https:\/\/seiersborg.vgs.no\/fredrikstad\/wp-json\/wp\/v2\/pages"}],"about":[{"href":"https:\/\/seiersborg.vgs.no\/fredrikstad\/wp-json\/wp\/v2\/types\/page"}],"author":[{"embeddable":true,"href":"https:\/\/seiersborg.vgs.no\/fredrikstad\/wp-json\/wp\/v2\/users\/6"}],"replies":[{"embeddable":true,"href":"https:\/\/seiersborg.vgs.no\/fredrikstad\/wp-json\/wp\/v2\/comments?post=19514"}],"version-history":[{"count":51,"href":"https:\/\/seiersborg.vgs.no\/fredrikstad\/wp-json\/wp\/v2\/pages\/19514\/revisions"}],"predecessor-version":[{"id":21166,"href":"https:\/\/seiersborg.vgs.no\/fredrikstad\/wp-json\/wp\/v2\/pages\/19514\/revisions\/21166"}],"wp:attachment":[{"href":"https:\/\/seiersborg.vgs.no\/fredrikstad\/wp-json\/wp\/v2\/media?parent=19514"}],"curies":[{"name":"wp","href":"https:\/\/api.w.org\/{rel}","templated":true}]}}